digit of o?
8
Suppose 1098 - 12 = 6*x. What is the tens digit of x?
8
What is the tens digit of (3/(-9))/((-1)/99)?
3
Let v = -256 + 430. What is the tens digit of v?
7
Let l = 40 - 77. Let p = -22 - l. What is the units digit of p?
5
Suppose -9 = 3*p, -5*j - 2*p - 121 = -5*p. Let r = j + 54. What is the units digit of r?
8
Suppose 3*q + 14 = -u + 74, 0 = -5*q + 3*u + 114. Suppose q + 0 = 3*a. What is the units digit of a?
7
Let u = -22 + 26. Suppose 4*i = f + u*f - 33, -5*f + 15 = 5*i. What is the units digit of f?
5
What is the tens digit of 1*((-4)/(-1) - -60)?
6
Suppose -x + 14 = -0*x. Let q = x + -20. What is the tens digit of ((-4)/q)/(2/36)?
1
Suppose -3*z = -2*o + 6, 2*o - 4*z - 7 = 3. Let f = 6 + o. What is the units digit of f?
3
Let x(k) = 6*k + 7*k**2 + 9 - 6*k**2 - 2. What is the units digit of x(-5)?
2
Suppose -4*u + h + 741 = -202, 4*u - 939 = 5*h. What is the units digit of u?
6
Let i(k) = -k**2 - 6*k - 6. Let v be i(-5). Let a(j) = -11*j**3 - j**2 + 1. Let t be a(v). Let f = t - 6. What is the units digit of f?
5
Suppose 4*v + 4 = 0, 0 = j + v + 2 - 3. Let i(q) = 3*q - 4 + 2 + 0 + q. What is the units digit of i(j)?
6
Let q = 243 + -158. What is the units digit of q?
5
Suppose 3*m - 260 = 544. What is the hundreds digit of m?
2
Let a(n) = 4*n - 8. What is the units digit of a(4)?
8
Let j(r) = r**3 + r**3 + 6 - 3*r**3 - r. Let a be j(0). Suppose a = -v + 17. What is the units digit of v?
1
Suppose z + 0*z = -3*f + 17, 5*f - 15 = 5*z. Let g(y) = -2 + 2*y**2 + z - 2*y - 1. What is the units digit of g(-1)?
3
Let j be (-5)/((-5)/14) - -2. Suppose 4*o - 45 = 27. Suppose 0 = -3*y + 3, j + o = 3*l + y. What is the units digit of l?
1
Let t be (45/(-30))/(3/8). What is the tens digit of (46/(-1))/(t + 2)?
2
Let b(w) = -w + 19. Let i = 10 - 7. Let t be 2 - (i - 2) - -7. What is the units digit of b(t)?
1
Let f(q) = -q**3 + 7*q**2 + 7*q - 2. Let d be f(8). Let z be d + (-4 - -2) + 2. What is the units digit of 4/z + (-21)/(-15)?
1
Let u(d) = d**2 - 3*d - 7. Let q be u(5). Suppose q*z + 33 = 3*h, -3*h = -0*z + 3*z - 51. What is the tens digit of h?
1
Suppose -2*v + 2*i = -20, 0 = -2*v + 5*i + 29 - 6. What is the units digit of v?
9
Suppose 6*g - 59 = 145. What is the units digit of g?
4
Let b = -8 + 8. Suppose -r - 2 + 1 = b. What is the units digit of -3 - (-1)/(r/(-16))?
3
Suppose -3*n + 4*n + 4*m = -11, n = 2*m + 13. Suppose -3*d + 97 = n*k, 3*d - 88 = -4*k - 2*d. What is the units digit of k?
7
Suppose 0*v - 1175 = -5*v. What is the tens digit of v?
3
Let l(g) = 4*g**2 - 2*g. What is the units digit of l(-3)?
2
Let j = -57 + 152. What is the units digit of j?
5
Suppose 3 = 3*t - 3*h + 18, 0 = -4*t - 3*h - 6. Let c(b) = 5*b**2 + 2*b + 1. What is the tens digit of c(t)?
4
Suppose -3*t = -5*t - 106. Let d = t + 98. Suppose 5*j - d = -5*r, -r - 5 = -2*r + j. What is the units digit of r?
7
What is the units digit of 2/18 - (-5159)/63?
2
Let i(q) = q + 2. Let j be i(2). Suppose 2 = -0*n + 4*n - 3*v, j*n = -v + 10. Suppose 4 = n*k - 2. What is the units digit of k?
3
Let j be (-10)/(-8) - 1/4. Suppose -j = 5*h - 11. Suppose 3*k = h + 1. What is the units digit of k?
1
Let m = -6 + -1. Let k = m + 21. What is the tens digit of k?
1
Let f(x) = -95*x - 34. What is the tens digit of f(-3)?
5
Suppose -2*v = -116 - 228. What is the units digit of v?
2
Let w(a) = -15*a + 46. What is the units digit of w(-15)?
1
Let y = -3 + 9. Let f = 6 - y. Let u = f - -8. What is the units digit of u?
8
Let g be (-8)/(-20) + (-114)/10. Let z be 2*2*(-2)/4. Let p = z - g. What is the units digit of p?
9
Suppose -4*k - 3*s = -345, -1 = 3*s - 10. What is the tens digit of k?
8
Let b(m) = -m**3 + 6*m**2 + 7*m + 1. Let l be b(7). Let q be -3*l*(-1 + 7). Let j = q + 29. What is the units digit of j?
1
Let u(r) = -r**2 + 7*r. Let p be u(6). Suppose -5*z = -p + 1. What is the units digit of z?
1
Let i be (5 - 4)/((-2)/14). Let d = i + 8. What is the units digit of 9*(d + 4/6)?
5
Suppose 3*r + 35 = 8*r. Let i be 2/r + 6/(-21). Suppose -4*a + 60 = -i*a. What is the units digit of a?
5
Suppose 3*g - 186 + 9 = 0. Suppose t = g - 10. What is the tens digit of t?
4
Suppose 6*h = 5*h. Suppose h*r = -r. Suppose -4*n + 48 = -r*n. What is the tens digit of n?
1
Suppose -s + 55 + 29 = 0. What is the tens digit of s?
8
Suppose 0*b - 3*k = -2*b - 4, -2*k - 9 = b. What is the units digit of (b/(-2))/(-5)*-16?
8
What is the units digit of -10*(48/(-15))/4?
8
Suppose -24 + 3 = -3*y. What is the units digit of y?
7
Let r = 323 - 193. Suppose w + 5*o = 5*w - 104, -r = -5*w - 2*o. What is the units digit of w?
6
Let s(k) = 4*k - 5. Suppose 0 = -5*r + 24 + 1. What is the tens digit of s(r)?
1
Let t(j) = 5*j + 9. What is the tens digit of t(10)?
5
Suppose -65 = -4*k + 239. What is the tens digit of k?
7
What is the units digit of 1/7 + 248/28?
9
Let k(s) = 24*s. Let v be k(1). Suppose p = -4*j + 25, 5*j - 2*j - p - v = 0. What is the units digit of j?
7
Let p be (-3)/(-9) + (-826)/(-6). Let y(m) = -m**2 + m - 2. Let v be y(0). What is the units digit of v/6 + p/9?
5
Suppose 3*r = -3*a + 231, -4*r = 2*a - 0*a - 306. What is the units digit of r?
6
Suppose 0*r = -r + 4. Suppose 0 = r*d + 1 - 21. What is the units digit of d?
5
Suppose -78 = -z + 5. What is the tens digit of z?
8
Let o = -33 + 111. What is the tens digit of o?
7
Suppose 4*x - 18 = 2*d + d, -x = 2*d + 1. Suppose -5*u + 11 = -v, v + 2*u + x = -1. Let w(f) = f**2 + 5*f + 5. What is the units digit of w(v)?
1
Suppose 5*o - 3*g = -2*g + 10, 4*g - 32 = -4*o. Let p = 7 - o. Suppose 4*x - 9 + 1 = -p*u, -u + x = -4. What is the units digit of u?
3
What is the tens digit of (-4 + 6)/((-2)/(-16))?
1
Suppose 5*n = -4*s + 263, 2*n - 98 = -0*n - 4*s. What is the tens digit of n?
5
Let q = 9 - 7. Let g(z) = 6*z - 2. What is the units digit of g(q)?
0
Let n(k) = -k - 1. Let h = -4 - 0. Let x be n(h). Suppose 8*u - x*u = 70. What is the units digit of u?
4
Let k(x) = -71*x - 7. What is the units digit of k(-2)?
5
What is the tens digit of ((-3)/2)/(6/(-108))?
2
Suppose 5*x = 30 - 0. Let m = x + 2. What is the units digit of m?
8
Suppose 0 = 5*m - 20 - 15. Suppose 6*l = l + 25, 4*j - m = 5*l. What is the units digit of j?
8
Let h = -37 + 111. What is the units digit of h?
4
Let x = 8 + -9. Let b = 14 - x. What is the units digit of b?
5
Let k = -3 - -6. Let t be 22/(-55) - (-32)/5. Suppose k*q - 6 - t = 0. What is the units digit of q?
4
Let h(g) = g**3 - 3*g**2 + 5*g - 3. Let f be h(4). Suppose -2*u - u + f = 0. What is the tens digit of u?
1
Let i be -4*11/(-12)*-3. What is the units digit of 1495/55 - (-2)/i?
7
Let v = 1 - -1. Let x(c) = -c + c**3 - c - 1 - v*c**3. What is the units digit of x(-1)?
2
Suppose -f = 4*g - 0*f + 10, -f + 5 = -g. Let a be (-25)/15 + 1/g. What is the units digit of 60/a*(-6)/15?
2
Suppose -5*r - 28 = -3*r. Let b = 27 + r. What is the tens digit of b?
1
Suppose 4*m = a + 127, a = 2*a + 3. What is the tens digit of m?
3
Suppose 4*x - 3 = 13. Suppose x*u - 12 = -y + 14, 5*y - 3*u - 15 = 0. What is the units digit of y?
6
Let l(m) = 4*m - 3. Let k be l(5). Let w = k + -6. What is the tens digit of w?
1
Suppose -z = -3*z - 2. What is the tens digit of (-1846)/(-39) + z/3?
4
Suppose 5*m + 31 = 4*h, -h - h - 5*m = -23. Suppose i - h = -1. What is the units digit of i?
8
Let g(x) = 5*x**2 + 2*x + 1. Let f be g(-1). Let i = -24 - -50. Suppose 5*u - 15 - 59 = -m, -2*u - f*m + i = 0. What is the tens digit of u?
1
Let c(s) = -s**2 + 11*s - 10. Let l be c(8). Let g be (-30)/(-4) - (-7)/l. Suppose g = 5*i - i. What is the units digit of i?
2
Suppose 4*c - 2*m - 238 = 0, -266 = -3*c + 3*m - 89. What is the tens digit of c?
6
Let g = -16 + 29. What is the tens digit of g?
1
Let v = 8 + 7. What is the tens digit of v?
1
Let l be (0 - (1 + -6)) + 1. Suppose -2*m + 14 = 5*x, 4 = 2*x + 3*m - l. Suppose 3*t = -x*t + 70. What is the units digit of t?
4
Suppose 183 = 2*t - x, -x = -t + 4*t - 287. What is the tens digit of t?
9
Suppose 0 = -2*b + 3*z + 247, 2*b + 2*z - 106 = b. What is the hundreds digit of b?
1
Let h(o) = -o**3 - 5*o**2 - 4*o + 4. Let x be h(-5). What is the units digit of x*3*(-2)/(-9)?
6
Suppose -i + 0 = -1. Let y = 25 + -18. Let f = y - i. What is the units digit of f?
6
Let d = -2 + -8. Let f be ((-15)/d)/((-